 the remainder when 1663 is divided by 772?
119
Calculate the remainder when 147498 is divided by 22.
10
Calculate the remainder when 461 is divided by 6.
5
What is the remainder when 3918 is divided by 555?
33
What is the remainder when 50983 is divided by 76?
63
What is the remainder when 26307 is divided by 2169?
279
Calculate the remainder when 26043 is divided by 124.
3
What is the remainder when 24749 is divided by 442?
439
Calculate the remainder when 11043 is divided by 1568.
67
Calculate the remainder when 15364 is divided by 427.
419
What is the remainder when 7437 is divided by 13?
1
What is the remainder when 106095 is divided by 26507?
67
What is the remainder when 783 is divided by 278?
227
What is the remainder when 35043 is divided by 51?
6
What is the remainder when 7579 is divided by 6?
1
Calculate the remainder when 2425 is divided by 52.
33
Calculate the remainder when 5938 is divided by 55.
53
What is the remainder when 4287 is divided by 226?
219
What is the remainder when 542 is divided by 109?
106
What is the remainder when 63269 is divided by 23?
19
What is the remainder when 154387 is divided by 319?
310
Calculate the remainder when 3599 is divided by 618.
509
What is the remainder when 353834 is divided by 44?
30
Calculate the remainder when 11629 is divided by 974.
915
What is the remainder when 2137 is divided by 1066?
5
Calculate the remainder when 10122 is divided by 3370.
12
What is the remainder when 8029 is divided by 32?
29
Calculate the remainder when 18540 is divided by 72.
36
Calculate the remainder when 263880 is divided by 7.
1
Calculate the remainder when 66289 is divided by 57.
55
Calculate the remainder when 9785 is divided by 392.
377
Calculate the remainder when 909363 is divided by 79.
73
Calculate the remainder when 3287 is divided by 91.
11
What is the remainder when 1792 is divided by 69?
67
Calculate the remainder when 2394 is divided by 138.
48
Calculate the remainder when 137648 is divided by 483.
476
What is the remainder when 7651 is divided by 2166?
1153
What is the remainder when 215047 is divided by 25?
22
Calculate the remainder when 152019 is divided by 11.
10
What is the remainder when 9856 is divided by 2121?
1372
Calculate the remainder when 12124 is divided by 482.
74
Calculate the remainder when 39352 is divided by 3023.
53
Calculate the remainder when 20621 is divided by 223.
105
Calculate the remainder when 140976 is divided by 19.
15
Calculate the remainder when 6229 is divided by 724.
437
What is the remainder when 31334 is divided by 145?
14
Calculate the remainder when 5556 is divided by 1842.
30
What is the remainder when 2675 is divided by 77?
57
What is the remainder when 17035 is divided by 85?
35
What is the remainder when 3393 is divided by 122?
99
Calculate the remainder when 1018 is divided by 53.
11
Calculate the remainder when 263 is divided by 35.
18
Calculate the remainder when 10846 is divided by 1548.
10
Calculate the remainder when 96976 is divided by 370.
36
What is the remainder when 87514 is divided by 429?
427
What is the remainder when 2777 is divided by 2734?
43
Calculate the remainder when 351542 is divided by 2105.
7
What is the remainder when 4660 is divided by 268?
104
Calculate the remainder when 50124 is divided by 77.
74
What is the remainder when 8267 is divided by 395?
367
Calculate the remainder when 101403 is divided by 1352.
3
Calculate the remainder when 441 is divided by 152.
137
What is the remainder when 4487 is divided by 307?
189
Calculate the remainder when 7504 is divided by 1499.
9
What is the remainder when 2018 is divided by 202?
200
What is the remainder when 174697 is divided by 13435?
42
What is the remainder when 28402 is divided by 95?
92
What is the remainder when 1248 is divided by 160?
128
What is the remainder when 41891 is divided by 1125?
266
What is the remainder when 1021 is divided by 499?
23
What is the remainder when 29925 is divided by 58?
55
What is the remainder when 7325 is divided by 367?
352
Calculate the remainder when 1344 is divided by 429.
57
Calculate the remainder when 6892 is divided by 6846.
46
What is the remainder when 36363 is divided by 97?
85
Calculate the remainder when 353052 is divided by 66.
18
Calculate the remainder when 21429 is divided by 509.
51
What is the remainder when 6650 is divided by 136?
122
What is the remainder when 31950 is divided by 55?
50
Calculate the remainder when 13462 is divided by 52.
46
What is the remainder when 40482 is divided by 174?
114
Calculate the remainder when 1165 is divided by 1071.
94
What is the remainder when 5075 is divided by 53?
40
Calculate the remainder when 1771 is divided by 960.
811
Calculate the remainder when 194022 is divided by 13.
10
What is the remainder when 194798 is divided by 48682?
70
What is the remainder when 61236 is divided by 14?
0
What is the remainder when 3534 is divided by 133?
76
What is the remainder when 1574042 is divided by 8?
2
What is the remainder when 12860 is divided by 98?
22
What is the remainder when 38511 is divided by 247?
226
What is the remainder when 3787 is divided by 748?
47
What is the remainder when 150348 is divided by 775?
773
Calculate the remainder when 2898 is divided by 147.
105
What is the remainder when 6528 is divided by 305?
123
What is the remainder when 3642 is divided by 172?
30
Calculate the remainder when 23933 is divided by 996.
29
Calculate the remainder when 6726 is divided by 111.
66
What is the remainder when 32685 is divided by 467?
462
Calculate the remainder when 13073 is divided by 6466.
141
Calculate the remainder when 30873 is divided by 1451.
402
What is the remainder when 721870 is divided by 72?
70
Calculate the remainder when 5959 is divided by 2965.
29
What is the remainder when 2880 is divided by 143?
20
Calculate the remainder when 5521 is divided by 1833.
22
What is the remainder when 3442 is divided by 311?
21
What is the remainder when 20237 is divided by 158?
13
What is the remainder when 12314 is divided by 2564?
2058
What is the remainder when 2020 is divided by 269?
137
Calculate the remainder when 611 is divided by 55.
6
What is the remainder when 46418 is divided by 219?
209
What is the remainder when 8014 is divided by 70?
34
What is the remainder when 5562 is divided by 5542?
20
Calculate the remainder when 49440 is divided by 24657.
126
What is the remainder when 10753297 is divided by 1049?
1047
What is the remainder when 8305 is divided by 8270?
35
What is the remainder when 4174166 is divided by 41?
38
What is the remainder when 109548 is divided by 350?
348
Calculate the remainder when 2458 is divided by 2411.
47
What is the remainder when 1895 is divided by 192?
167
Calculate the remainder when 139319 is divided by 72.
71
What is the remainder when 5924473 is divided by 9?
7
What is the remainder when 735742 is divided by 1844?
1830
Calculate the remainder when 1458455 is divided by 22.
9
What is the remainder when 4780 is divided by 554?
348
What is the remainder when 10874 is divided by 236?
18
Calculate the remainder when 618756 is divided by 11.
6
Calculate the remainder when 21595 is divided by 216.
211
What is the remainder when 2735 is divided by 33?
29
What is the remainder when 26145 is divided by 528?
273
What is the remainder when 25249 is divided by 92?
41
What is the remainder when 2183 is divided by 63?
41
Calculate the remainder when 387882 is divided by 95.
92
Calculate the remainder when 67793 is divided by 1149.
2
What is the remainder when 89564 is divided by 24?
20
Calculate the remainder when 117823 is divided by 63.
13
What is the remainder when 157952 is divided by 255?
107
Calculate the remainder when 3144 is divided by 401.
337
Calculate the remainder when 7932 is divided by 25.
7
What is the remainder when 159368 is divided by 684?
680
What is the remainder when 3975896 is divided by 60?
56
Calculate the remainder when 19045 is divided by 59.
47
What is the remainder when 36648 is divided by 36644?
4
What is the remainder when 4825 is divided by 158?
85
What is the remainder when 1834557 is divided by 504?
501
What is the remainder when 2045 is divided by 179?
76
Calculate the remainder when 156619 is divided by 76.
59
What 